152792.
2152
What is the highest common factor of 185499246 and 18?
6
What is the greatest common factor of 28626270 and 90?
30
What is the greatest common divisor of 2068483 and 7801?
29
Calculate the greatest common divisor of 6 and 43895118.
6
What is the greatest common divisor of 9009116 and 2584?
1292
What is the greatest common factor of 74366955 and 90?
45
What is the highest common divisor of 3804498 and 21114?
306
Calculate the highest common divisor of 2227936 and 40.
8
What is the greatest common factor of 135390 and 810?
30
Calculate the highest common divisor of 22599166 and 172.
86
What is the greatest common divisor of 25418 and 153224?
358
What is the highest common factor of 37597 and 744191?
287
What is the greatest common factor of 92 and 4057499?
23
What is the highest common factor of 56730552 and 1968?
984
Calculate the highest common divisor of 3993125 and 10000.
625
Calculate the greatest common divisor of 8088 and 4.
4
What is the greatest common divisor of 37296912 and 4080?
816
Calculate the highest common divisor of 48903 and 15.
3
Calculate the highest common divisor of 19 and 82954741.
19
What is the highest common factor of 3524637 and 24?
3
What is the highest common factor of 17196984 and 2520?
504
What is the highest common divisor of 3432 and 7453160?
1144
What is the highest common divisor of 19540987 and 38?
19
Calculate the greatest common factor of 4 and 191759376.
4
Calculate the greatest common divisor of 2919851 and 649.
649
Calculate the highest common divisor of 2792526 and 550.
22
What is the greatest common divisor of 22 and 552305083?
11
What is the highest common factor of 4156 and 348312282?
2078
What is the greatest common factor of 70 and 4838834?
14
What is the highest common divisor of 774568 and 136?
8
Calculate the highest common divisor of 19898427 and 414.
69
What is the highest common divisor of 3279 and 33449079?
3279
What is the greatest common factor of 7334119 and 91?
13
Calculate the highest common divisor of 17064718 and 88.
22
Calculate the greatest common factor of 3158016 and 576.
192
Calculate the greatest common divisor of 1500 and 296079600.
300
Calculate the highest common factor of 9592 and 1111209.
11
What is the greatest common divisor of 2056476488 and 33?
11
Calculate the highest common divisor of 22265541 and 16353.
207
Calculate the greatest common factor of 1480 and 1635215.
185
Calculate the highest common factor of 1329159 and 23088.
39
Calculate the highest common divisor of 1665 and 40401891.
333
Calculate the greatest common divisor of 8750 and 53082750.
1750
What is the greatest common factor of 75888 and 67611?
93
What is the greatest common divisor of 526035 and 3465?
15
What is the highest common factor of 3568966 and 1715074?
4478
Calculate the greatest common factor of 94614 and 5718.
6
Calculate the highest common divisor of 960 and 159252.
12
Calculate the greatest common divisor of 169585 and 36725.
65
Calculate the highest common factor of 32706 and 40342.
46
Calculate the greatest common divisor of 5833972 and 96.
4
Calculate the highest common factor of 2541 and 37099139.
77
What is the highest common divisor of 369 and 236281?
1
Calculate the highest common factor of 1888 and 52589178.
118
Calculate the greatest common divisor of 286407459 and 78.
39
Calculate the highest common factor of 40185 and 5613210.
2115
What is the greatest common divisor of 570960 and 2288?
208
Calculate the greatest common divisor of 240675330 and 29520.
1230
What is the greatest common factor of 24964485 and 20475?
1365
What is the highest common factor of 4598 and 234627998?
418
Calculate the highest common factor of 96 and 8564808.
24
What is the greatest common factor of 3188 and 5119131?
797
What is the highest common divisor of 2703 and 6612405?
51
Calculate the greatest common divisor of 44040 and 16232.
8
What is the greatest common factor of 6726840 and 117508?
116
Calculate the highest common factor of 400 and 51341456.
16
What is the greatest common factor of 12725 and 14283049?
509
What is the highest common factor of 31212 and 1486089?
153
Calculate the highest common factor of 20381312 and 35088.
688
What is the greatest common divisor of 1178 and 17978264?
62
What is the highest common divisor of 33088 and 424457?
517
Calculate the greatest common factor of 31404373 and 229.
229
What is the greatest common divisor of 3460641660 and 1260?
1260
What is the highest common factor of 1468 and 80468?
4
What is the highest common factor of 10 and 539053495?
5
Calculate the greatest common divisor of 2480844 and 112.
4
Calculate the highest common divisor of 85 and 183807264.
17
What is the highest common divisor of 2172 and 18135114?
1086
What is the highest common factor of 1265528 and 168041?
197
Calculate the highest common divisor of 11 and 2487177.
11
Calculate the greatest common divisor of 6936405 and 2415.
105
Calculate the highest common divisor of 195088 and 242080.
1424
What is the greatest common divisor of 2324 and 38906700?
28
Calculate the greatest common divisor of 5994 and 2338794.
162
What is the greatest common factor of 45015 and 19335?
15
Calculate the highest common divisor of 252 and 7579620.
36
What is the highest common divisor of 17080529 and 34?
17
Calculate the greatest common factor of 362877 and 201.
3
What is the greatest common divisor of 140732 and 170932?
604
What is the highest common factor of 16923980 and 18040?
820
What is the highest common divisor of 4797 and 17507451?
1599
What is the greatest common divisor of 109624486 and 23?
23
Calculate the highest common factor of 204709 and 24210.
269
What is the greatest common factor of 916 and 24991?
1
Calculate the greatest common divisor of 376 and 1002081736.
376
Calculate the highest common factor of 762304 and 14448.
688
What is the highest common factor of 16740 and 52917?
93
What is the highest common factor of 62431 and 133653?
149
What is the highest common divisor of 1442 and 4158?
14
Calculate the greatest common factor of 23912 and 18328.
8
Calculate the highest common divisor of 849938 and 6278.
86
What is the greatest common divisor of 2376 and 190432?
88
What is the highest common factor of 49 and 38724?
7
Calculate the highest common divisor of 383 and 48848203.
383
Calculate the greatest common divisor of 468104 and 61607.
91
Calculate the greatest common factor of 2200 and 27246175.
275
What is the greatest common factor of 7434240 and 33?
33
What is the greatest common factor of 21890 and 3186590?
110
Calculate the greatest common factor of 10914 and 8168262.
102
What is the highest common factor of 23678190 and 1080?
270
What is the highest common factor of 5 and 5643715?
5
Calculate the highest common divisor of 15465128 and 785.
157
Calculate the highest common factor of 314808 and 468.
156
What is the greatest common factor of 9889402 and 598?
46
Calculate the highest common factor of 6643 and 3575936.
91
Calculate the highest common divisor of 4928 and 148288.
448
What is the highest common factor of 12155362 and 1058?
1058
Calculate the greatest common factor of 259694 and 2624.
82
What is the greatest common factor of 112560 and 203120?
80
Calculate the highest common factor of 28 and 106778812.
28
What is the greatest common divisor of 2013219650 and 650?
650
Calculate the highest common factor of 1162135 and 760.
95
Calculate the highest common divisor of 361770 and 2511.
93
What is the highest common factor of 4276 and 1211504114?
2138
Calculate the highest common factor of 6 and 31169766.
6
Calculate the highest common factor of 58139 and 668387.
47
Calculate the greatest common divisor of 1743616 and 447076.
196
Calculate the highest common factor of 735 and 23440179.
147
Calculate the highest common factor of 669 and 804350073.
669
What is the greatest common divisor of 4616736 and 36?
12
What is the greatest common divisor of 645100902 and 2022?
2022
Calculate the highest common factor of 18193 and 259.
7
Calculate the greatest common divisor of 70417697 and 185.
37
Calculate the highest common divisor of 44 and 99508.
4
Calculate the highest common factor of 198 and 116984934.
198
What is the highest common divisor of 435960 and 1849680?
25